{"id":29,"date":"2022-08-03T10:49:06","date_gmt":"2022-08-03T08:49:06","guid":{"rendered":"https:\/\/deniahomeassist.ovh\/?page_id=29"},"modified":"2026-04-24T09:58:45","modified_gmt":"2026-04-24T07:58:45","slug":"produits","status":"publish","type":"page","link":"https:\/\/pineau-de-lestuaire.com\/index.php\/produits\/","title":{"rendered":"Produits"},"content":{"rendered":"\n\t<section class=\"section\" id=\"section_957726213\">\n\t\t<div class=\"bg section-bg fill bg-fill  bg-loaded\" >\n\n\t\t\t\n\t\t\t\n\t\t\t\n\n\t\t<\/div>\n\n\t\t\n\n\t\t<div class=\"section-content relative\">\n\t\t\t\n\n<div class=\"row\"  id=\"row-521067963\">\n\n\n\t<div id=\"col-813503118\" class=\"col small-12 large-12\"  >\n\t\t\t\t<div class=\"col-inner\"  >\n\t\t\t\n\t\t\t\n\n\t<div id=\"gap-1898019119\" class=\"gap-element clearfix\" style=\"display:block; height:auto;\">\n\t\t\n<style>\n#gap-1898019119 {\n  padding-top: 30px;\n}\n<\/style>\n\t<\/div>\n\t\n\n\t<div id=\"text-2564217434\" class=\"text\">\n\t\t\n\n<h2>D\u00e9couvrez nos produits<\/h2>\n\t\t\n<style>\n#text-2564217434 {\n  text-align: center;\n}\n<\/style>\n\t<\/div>\n\t\n\n\t\t<\/div>\n\t\t\t\t\t<\/div>\n\n\t\n\n<\/div>\n\n\t\t<\/div>\n\n\t\t\n<style>\n#section_957726213 {\n  padding-top: 30px;\n  padding-bottom: 30px;\n}\n<\/style>\n\t<\/section>\n\t\n\t<section class=\"section\" id=\"section_1714810369\">\n\t\t<div class=\"bg section-bg fill bg-fill  bg-loaded\" >\n\n\t\t\t\n\t\t\t\n\t\t\t\n\n\t\t<\/div>\n\n\t\t\n\n\t\t<div class=\"section-content relative\">\n\t\t\t\n\n<div class=\"row row-collapse row-full-width\"  id=\"row-1882503102\">\n\n\n\t<div id=\"col-1682370714\" class=\"col medium-4 large-4\"  >\n\t\t\t\t<div class=\"col-inner\"  >\n\t\t\t\n\t\t\t\n\n\n  <div class=\"banner has-hover\" id=\"banner-565017587\">\n          <div class=\"banner-inner fill\">\n        <div class=\"banner-bg fill\" >\n            <div class=\"bg fill bg-fill \"><\/div>\n                                    \n                    <\/div>\n\t\t\n        <div class=\"banner-layers container\">\n            <div class=\"fill banner-link\"><\/div>            \n\n   <div id=\"text-box-408393967\" class=\"text-box banner-layer x0 md-x0 lg-x0 y85 md-y85 lg-y85 res-text\">\n                                <div class=\"text-box-content text dark\">\n              \n              <div class=\"text-inner text-center\">\n                  \n\n<h3 class=\"uppercase\"><strong>pineau blanc<\/strong><\/h3>\n\n              <\/div>\n           <\/div>\n                            \n<style>\n#text-box-408393967 {\n  width: 42%;\n}\n#text-box-408393967 .text-box-content {\n  font-size: 100%;\n}\n<\/style>\n    <\/div>\n \n\n        <\/div>\n      <\/div>\n\n            \n<style>\n#banner-565017587 {\n  padding-top: 630px;\n}\n#banner-565017587 .bg.bg-loaded {\n  background-image: url(https:\/\/pineau-de-lestuaire.com\/wp-content\/uploads\/2022\/08\/Capture-decran-2022-07-22-a-10.09.28-1022x1024.jpg);\n}\n<\/style>\n  <\/div>\n\n\n<p>Les pineaux blanc sont issue de deux c\u00e9pages:<\/p>\n<ul>\n<li>Le Montils:\u00a0 le l&rsquo;aspect fruit\u00e9 et gourmand.<\/li>\n<li>L&rsquo;ugni blanc: apportera une certaine fraicheur en bouge.<\/li>\n<\/ul>\n\n\t\t<\/div>\n\t\t\t\t\t<\/div>\n\n\t\n\n\t<div id=\"col-214967831\" class=\"col medium-4 large-4\"  >\n\t\t\t\t<div class=\"col-inner\"  >\n\t\t\t\n\t\t\t\n\n\n  <div class=\"banner has-hover\" id=\"banner-1867777232\">\n          <div class=\"banner-inner fill\">\n        <div class=\"banner-bg fill\" >\n            <div class=\"bg fill bg-fill \"><\/div>\n                                    \n                    <\/div>\n\t\t\n        <div class=\"banner-layers container\">\n            <div class=\"fill banner-link\"><\/div>            \n\n   <div id=\"text-box-331397183\" class=\"text-box banner-layer x0 md-x0 lg-x0 y85 md-y85 lg-y85 res-text\">\n                                <div class=\"text-box-content text dark\">\n              \n              <div class=\"text-inner text-center\">\n                  \n\n<h3 class=\"uppercase\"><strong>pineau rouge<\/strong><\/h3>\n\n              <\/div>\n           <\/div>\n                            \n<style>\n#text-box-331397183 {\n  width: 45%;\n}\n#text-box-331397183 .text-box-content {\n  font-size: 100%;\n}\n<\/style>\n    <\/div>\n \n\n        <\/div>\n      <\/div>\n\n            \n<style>\n#banner-1867777232 {\n  padding-top: 630px;\n}\n#banner-1867777232 .bg.bg-loaded {\n  background-image: url(https:\/\/pineau-de-lestuaire.com\/wp-content\/uploads\/2022\/08\/Capture-decran-2022-07-22-a-10.09.51-1020x1024.jpg);\n}\n#banner-1867777232 .bg {\n  background-position: bottom;\n}\n<\/style>\n  <\/div>\n\n\n<p>Pineau rouge<\/p>\n<p>Les pineaux rouge, sont issue d&rsquo;un seul et unique c\u00e9page:<\/p>\n<ul>\n<li>le merlot est choisie pour sont aspect fruit\u00e9 et son \u00e9quilibre<\/li>\n<\/ul>\n\n\t\t<\/div>\n\t\t\t\t\t<\/div>\n\n\t\n\n\t<div id=\"col-2051645897\" class=\"col medium-4 large-4\"  >\n\t\t\t\t<div class=\"col-inner\"  >\n\t\t\t\n\t\t\t\n\n\n  <div class=\"banner has-hover\" id=\"banner-1699613616\">\n          <div class=\"banner-inner fill\">\n        <div class=\"banner-bg fill\" >\n            <div class=\"bg fill bg-fill \"><\/div>\n                                    \n                    <\/div>\n\t\t\n        <div class=\"banner-layers container\">\n            <div class=\"fill banner-link\"><\/div>            \n\n   <div id=\"text-box-1678869402\" class=\"text-box banner-layer x0 md-x0 lg-x0 y85 md-y85 lg-y85 res-text\">\n                                <div class=\"text-box-content text dark\">\n              \n              <div class=\"text-inner text-center\">\n                  \n\n<h3 class=\"uppercase\"><strong>pineau ros\u00e9<\/strong><\/h3>\n\n              <\/div>\n           <\/div>\n                            \n<style>\n#text-box-1678869402 {\n  width: 42%;\n}\n#text-box-1678869402 .text-box-content {\n  font-size: 100%;\n}\n<\/style>\n    <\/div>\n \n\n        <\/div>\n      <\/div>\n\n            \n<style>\n#banner-1699613616 {\n  padding-top: 630px;\n}\n#banner-1699613616 .bg.bg-loaded {\n  background-image: url(https:\/\/pineau-de-lestuaire.com\/wp-content\/uploads\/2022\/08\/Capture-decran-2022-07-22-a-10.09.39-1021x1024.jpg);\n}\n<\/style>\n  <\/div>\n\n\n<p>Pineau Ros\u00e9<\/p>\n<p>Les pineaux ros\u00e9s sont issue d&rsquo;un seul c\u00e9page:<\/p>\n<ul>\n<li>le merlot d\u00e9finie par sont cot\u00e9e fruit\u00e9 et sa l\u00e9g\u00e8ret\u00e9<\/li>\n<\/ul>\n\n\t\t<\/div>\n\t\t\t\t\t<\/div>\n\n\t\n\n<\/div>\n\n\t\t<\/div>\n\n\t\t\n<style>\n#section_1714810369 {\n  padding-top: 35px;\n  padding-bottom: 35px;\n}\n<\/style>\n\t<\/section>\n\t\n\n","protected":false},"excerpt":{"rendered":"","protected":false},"author":1,"featured_media":0,"parent":0,"menu_order":0,"comment_status":"closed","ping_status":"closed","template":"page-blank.php","meta":{"footnotes":""},"class_list":["post-29","page","type-page","status-publish","hentry"],"yoast_head":"<!-- This site is optimized with the Yoast SEO plugin v27.1.1 - https:\/\/yoast.com\/product\/yoast-seo-wordpress\/ -->\n<title>Produits - Pineau de l&#039;Estuaire<\/title>\n<meta name=\"robots\" content=\"index, follow, max-snippet:-1, max-image-preview:large, max-video-preview:-1\" \/>\n<link rel=\"canonical\" href=\"https:\/\/pineau-de-lestuaire.com\/index.php\/produits\/\" \/>\n<meta property=\"og:locale\" content=\"fr_FR\" \/>\n<meta property=\"og:type\" content=\"article\" \/>\n<meta property=\"og:title\" content=\"Produits - Pineau de l&#039;Estuaire\" \/>\n<meta property=\"og:url\" content=\"https:\/\/pineau-de-lestuaire.com\/index.php\/produits\/\" \/>\n<meta property=\"og:site_name\" content=\"Pineau de l&#039;Estuaire\" \/>\n<meta property=\"article:modified_time\" content=\"2026-04-24T07:58:45+00:00\" \/>\n<meta name=\"twitter:card\" content=\"summary_large_image\" \/>\n<meta name=\"twitter:label1\" content=\"Dur\u00e9e de lecture estim\u00e9e\" \/>\n\t<meta name=\"twitter:data1\" content=\"1 minute\" \/>\n<script type=\"application\/ld+json\" class=\"yoast-schema-graph\">{\"@context\":\"https:\/\/schema.org\",\"@graph\":[{\"@type\":\"WebPage\",\"@id\":\"https:\/\/pineau-de-lestuaire.com\/index.php\/produits\/\",\"url\":\"https:\/\/pineau-de-lestuaire.com\/index.php\/produits\/\",\"name\":\"Produits - Pineau de l&#039;Estuaire\",\"isPartOf\":{\"@id\":\"https:\/\/pineau-de-lestuaire.com\/#website\"},\"datePublished\":\"2022-08-03T08:49:06+00:00\",\"dateModified\":\"2026-04-24T07:58:45+00:00\",\"breadcrumb\":{\"@id\":\"https:\/\/pineau-de-lestuaire.com\/index.php\/produits\/#breadcrumb\"},\"inLanguage\":\"fr-FR\",\"potentialAction\":[{\"@type\":\"ReadAction\",\"target\":[\"https:\/\/pineau-de-lestuaire.com\/index.php\/produits\/\"]}]},{\"@type\":\"BreadcrumbList\",\"@id\":\"https:\/\/pineau-de-lestuaire.com\/index.php\/produits\/#breadcrumb\",\"itemListElement\":[{\"@type\":\"ListItem\",\"position\":1,\"name\":\"Accueil\",\"item\":\"https:\/\/pineau-de-lestuaire.com\/\"},{\"@type\":\"ListItem\",\"position\":2,\"name\":\"Produits\"}]},{\"@type\":\"WebSite\",\"@id\":\"https:\/\/pineau-de-lestuaire.com\/#website\",\"url\":\"https:\/\/pineau-de-lestuaire.com\/\",\"name\":\"Pineau de l&#039;Estuaire\",\"description\":\"\",\"potentialAction\":[{\"@type\":\"SearchAction\",\"target\":{\"@type\":\"EntryPoint\",\"urlTemplate\":\"https:\/\/pineau-de-lestuaire.com\/?s={search_term_string}\"},\"query-input\":{\"@type\":\"PropertyValueSpecification\",\"valueRequired\":true,\"valueName\":\"search_term_string\"}}],\"inLanguage\":\"fr-FR\"}]}<\/script>\n<!-- \/ Yoast SEO plugin. -->","yoast_head_json":{"title":"Produits - Pineau de l&#039;Estuaire","robots":{"index":"index","follow":"follow","max-snippet":"max-snippet:-1","max-image-preview":"max-image-preview:large","max-video-preview":"max-video-preview:-1"},"canonical":"https:\/\/pineau-de-lestuaire.com\/index.php\/produits\/","og_locale":"fr_FR","og_type":"article","og_title":"Produits - Pineau de l&#039;Estuaire","og_url":"https:\/\/pineau-de-lestuaire.com\/index.php\/produits\/","og_site_name":"Pineau de l&#039;Estuaire","article_modified_time":"2026-04-24T07:58:45+00:00","twitter_card":"summary_large_image","twitter_misc":{"Dur\u00e9e de lecture estim\u00e9e":"1 minute"},"schema":{"@context":"https:\/\/schema.org","@graph":[{"@type":"WebPage","@id":"https:\/\/pineau-de-lestuaire.com\/index.php\/produits\/","url":"https:\/\/pineau-de-lestuaire.com\/index.php\/produits\/","name":"Produits - Pineau de l&#039;Estuaire","isPartOf":{"@id":"https:\/\/pineau-de-lestuaire.com\/#website"},"datePublished":"2022-08-03T08:49:06+00:00","dateModified":"2026-04-24T07:58:45+00:00","breadcrumb":{"@id":"https:\/\/pineau-de-lestuaire.com\/index.php\/produits\/#breadcrumb"},"inLanguage":"fr-FR","potentialAction":[{"@type":"ReadAction","target":["https:\/\/pineau-de-lestuaire.com\/index.php\/produits\/"]}]},{"@type":"BreadcrumbList","@id":"https:\/\/pineau-de-lestuaire.com\/index.php\/produits\/#breadcrumb","itemListElement":[{"@type":"ListItem","position":1,"name":"Accueil","item":"https:\/\/pineau-de-lestuaire.com\/"},{"@type":"ListItem","position":2,"name":"Produits"}]},{"@type":"WebSite","@id":"https:\/\/pineau-de-lestuaire.com\/#website","url":"https:\/\/pineau-de-lestuaire.com\/","name":"Pineau de l&#039;Estuaire","description":"","potentialAction":[{"@type":"SearchAction","target":{"@type":"EntryPoint","urlTemplate":"https:\/\/pineau-de-lestuaire.com\/?s={search_term_string}"},"query-input":{"@type":"PropertyValueSpecification","valueRequired":true,"valueName":"search_term_string"}}],"inLanguage":"fr-FR"}]}},"_links":{"self":[{"href":"https:\/\/pineau-de-lestuaire.com\/index.php\/wp-json\/wp\/v2\/pages\/29","targetHints":{"allow":["GET"]}}],"collection":[{"href":"https:\/\/pineau-de-lestuaire.com\/index.php\/wp-json\/wp\/v2\/pages"}],"about":[{"href":"https:\/\/pineau-de-lestuaire.com\/index.php\/wp-json\/wp\/v2\/types\/page"}],"author":[{"embeddable":true,"href":"https:\/\/pineau-de-lestuaire.com\/index.php\/wp-json\/wp\/v2\/users\/1"}],"replies":[{"embeddable":true,"href":"https:\/\/pineau-de-lestuaire.com\/index.php\/wp-json\/wp\/v2\/comments?post=29"}],"version-history":[{"count":5,"href":"https:\/\/pineau-de-lestuaire.com\/index.php\/wp-json\/wp\/v2\/pages\/29\/revisions"}],"predecessor-version":[{"id":92,"href":"https:\/\/pineau-de-lestuaire.com\/index.php\/wp-json\/wp\/v2\/pages\/29\/revisions\/92"}],"wp:attachment":[{"href":"https:\/\/pineau-de-lestuaire.com\/index.php\/wp-json\/wp\/v2\/media?parent=29"}],"curies":[{"name":"wp","href":"https:\/\/api.w.org\/{rel}","templated":true}]}}